o(9). Suppose 0 = -2*p - 1 + 5. What is the units digit of 0/x - (-12 + p)?
0
Let m be (0/(-1) + 2)*1. Let r(j) = 6*j**m + j - 3*j + j + 1. What is the units digit of r(1)?
6
What is the tens digit of 10/(-15) + 160/6?
2
Let t = 0 + 11. What is the tens digit of t?
1
What is the units digit of (5 + 155/(-15))*-21?
2
Let h(s) = -3*s - 47. What is the units digit of h(-17)?
4
Let t(x) = -x**3 - 6*x**2 + 7*x - 10. Let n be t(-7). Let z(w) = w**3 + 9*w**2 - 10*w + 7. What is the units digit of z(n)?
7
Let g(r) = 4*r - 1. Let c be g(-5). Let d = c - -54. What is the tens digit of d?
3
Let q = 15 + -21. Let i(t) = -t**3 - 7*t**2 - 9*t. What is the tens digit of i(q)?
1
Suppose 5*u - 6 - 4 = 0. What is the tens digit of u/13 - (-1236)/78?
1
Let n be (0 - -1)/((-2)/6). Let a be (-2)/(-2)*(n - 1). Let k(t) = -t + 1. What is the units digit of k(a)?
5
Suppose -c + f + 341 = 0, -3*c - 3*f + 662 = -c. What is the tens digit of c?
3
What is the hundreds digit of 5 + 253 + 0 + -3?
2
Suppose -2*b - 3*b = 0. Suppose -3*y + 57 + 69 = b. What is the units digit of y?
2
Suppose 5 = 5*z - 5. Let h(w) = w. Let b be h(6). Suppose -10 = -z*d + b. What is the units digit of d?
8
Let d(f) = f**2 + 9*f - 1. What is the units digit of d(-12)?
5
Let q = -25 + 15. Suppose -2*y - 10 = 0, 35 = -5*z - 0*z - 5*y. What is the tens digit of (55/q)/(z/4)?
1
Let m = 3 + -1. Suppose f = 3*f - m. Let r(u) = 6*u. What is the units digit of r(f)?
6
Suppose -3*p + 42 = d, -8*p - 38 = -d - 7*p. What is the tens digit of d?
3
Let n(w) = 3*w**2 - 9*w + 2. Let s(i) = -i**2 + i - 1. Let u(l) = n(l) + 6*s(l). Let z(m) be the first derivative of u(m). What is the tens digit of z(-4)?
2
Let i = 247 + -148. What is the units digit of i?
9
Let c(o) = 2*o**3 - 9*o**2 - 6*o + 6. What is the tens digit of c(8)?
0
Suppose 3*c + 9*c - 1104 = 0. What is the units digit of c?
2
Let g be 2*(-18)/(-4)*5. What is the tens digit of g + 2 + (-18)/3?
4
Let f(h) = 4*h + 6*h**2 - 8*h + 2 - 3*h**3 + 2*h**3. Let g be f(5). Suppose 0 = -s - 3*k - 8, 5*s + g = -6*k + 2*k. What is the units digit of s?
1
Suppose 0 = -3*x - 12*x + 240. What is the tens digit of x?
1
Let x(r) = r**2 + 6*r + 8. What is the units digit of x(-6)?
8
What is the tens digit of 2*4/((-24)/(-93))?
3
Let i(o) = o**3 - 4*o**2 + o. Let c be i(4). Suppose r + 148 = 4*t, -140 = -c*t + 3*r - 0*r. What is the units digit of t?
8
Let n be 9/(-3) + 0 + 0. What is the tens digit of -2 - n - (-15)/1?
1
Suppose 3*c = 4*c - 7. Let h = c - 2. What is the units digit of h?
5
Let g(k) = 3*k**2 - 1. What is the tens digit of g(-3)?
2
Suppose -2*i - i + 21 = -5*g, 4*i + 2*g = 2. Suppose -3 = -i*v + 3. Suppose y = v - 1. What is the units digit of y?
2
Let a = -122 + 201. What is the units digit of a?
9
Let x(a) = a**2 - 7*a + 1. Let p be x(7). Let f = 1 + p. Suppose 5*y + 19 = b, 2*y = -f*b + y + 5. What is the units digit of b?
4
Let f(a) be the third derivative of -a**6/120 + 2*a**5/15 - a**4/12 - 2*a**3/3 - 3*a**2. What is the units digit of f(7)?
1
Suppose -2*t = 2*t - 4*x + 8, 2*x - 2 = 3*t. Let b(v) be the second derivative of v**3/2 + v**2/2 + 10*v. What is the units digit of b(t)?
7
Let o = -106 + 160. What is the tens digit of o?
5
Let a = -4 - -6. Let c = 8 + a. What is the units digit of c?
0
What is the tens digit of (1 - -6) + (4 - -1 - 1)?
1
Suppose -30 = -p - z, 2*p = -0*p - 4*z + 66. Suppose 3*l = -3*u + p, 2*u + 39 = 5*l + 4*u. What is the units digit of l?
7
Suppose 2*b - 104 = -0*b. Suppose 0*v = -c + v + 20, b = 2*c + 2*v. What is the tens digit of c?
2
Let y = -63 + 29. Let q = -21 - y. What is the tens digit of q?
1
Suppose 0 = -4*o + 7 + 1. Suppose n = o*n + 5. Let s = n - -12. What is the units digit of s?
7
Let z = 667 - 452. What is the tens digit of z?
1
Suppose m = 4*m. Suppose 0 = -a - m*a + 9. What is the units digit of a?
9
Let v(w) be the second derivative of -3/2*w**2 - 1/12*w**4 + 0 + 7/6*w**3 - w. What is the units digit of v(4)?
9
Let o = 55 + -52. Let f(p) = -2*p + 2. Let y(w) = w. Let n(b) = -f(b) + y(b). What is the units digit of n(o)?
7
Suppose 0 = v - x + 4, -4*v + 4*x - 12 = x. Suppose -g - g = v. Suppose g = -l - 0*l + 5. What is the units digit of l?
5
Suppose -4*d - 1 = n, -3*n - 1 + 8 = 2*d. Suppose p - 4*k = -5, n*k + 0 - 7 = 4*p. Let i = 2 - p. What is the units digit of i?
3
Suppose 16 = -3*n + 7*n + 3*c, -5*n + 20 = c. Suppose 0 = -3*j - 5*l + 18, n*j + j - 4*l = -7. What is the units digit of (j/(-2))/((-2)/4)?
1
Let f(j) = j**3 + 4*j**2 - 8*j - 5. What is the units digit of f(-4)?
7
Let a = 110 - 45. What is the tens digit of a?
6
Let h = -34 - -47. Suppose -3*w + h = -32. What is the units digit of w?
5
Let l = 39 + -38. What is the units digit of l?
1
Let b = -1 - 0. Let v be 40/(b + 1 + 1). Suppose -4*x + v = -0*x. What is the tens digit of x?
1
Suppose 78 = 2*d + 3*q, 2*q = -4*d + 4*q + 156. What is the units digit of d?
9
Let d(p) = -18*p**3 + 2*p**2 + p. Suppose 5*z + 7 = 4*q - 2, 0 = -2*z - 2*q. What is the tens digit of d(z)?
1
Suppose 3*c = 2*c - 93. Let a be c/(-5) - 6/10. Suppose u = -5*g - 1, 4*u - a = 3*g - g. What is the units digit of u?
4
Suppose 3*d = 3*p + 306, p - 14 = -4*d + 409. Suppose -15 = -5*z + d. What is the tens digit of z?
2
Suppose z = -v + 2, v - 5*z - 38 = -2*v. What is the units digit of v?
6
Suppose 2*y + 101 = 5*v - 147, v + 3*y - 36 = 0. What is the units digit of v?
8
Let m be (-1)/7 + (-22)/(-7). Suppose -m*w = 2*w - 160. Suppose 2*c - w = -0*c. What is the units digit of c?
6
Suppose 5*j - 54 = -3*s, -12 = -2*s - 2*s. Suppose z + 3*x - j = 13, -2*z - 1 = -3*x. Suppose 4*w - 2 - 4 = 2*t, z = t + 3*w. What is the units digit of t?
1
Let p = -1 - -3. Suppose -w + p*w - 5 = 0. What is the units digit of w?
5
Suppose 5*l - v - 34 = 21, 5*l - 55 = 4*v. What is the units digit of l?
1
Let o = 871 + -496. What is the hundreds digit of o?
3
Let u be (-1)/(-2)*(0 + 0). Suppose u*a - 11 = -a + 2*f, 0 = 4*a + f - 8. Suppose a*l = -3 + 18. What is the units digit of l?
5
Let z = -6 - -6. What is the units digit of 3 - (3 - 3 - z)?
3
Suppose -2*o + 4*o - 6 = 0. Suppose 0*x - 5*i = -x + 6, 3*i = -o*x. What is the units digit of (-3)/((-2)/(-4) - x)?
6
Let m = 1 - 1. Let b = 0 - -4. Suppose j + m = b. What is the units digit of j?
4
Let z be ((-1)/3)/((-3)/18). What is the units digit of z + (-1 - 0) + 18?
9
Suppose 0 = -2*d + 4*h - 9 + 33, -d - 2 = 5*h. Let n = 12 - d. Let m = 2 + n. What is the units digit of m?
6
Suppose 3*t = 4*p + 87 - 1295, -630 = -2*p - 5*t. What is the units digit of p?
5
Let z(g) = g**3 - 9*g**2 - 9*g - 5. What is the units digit of z(10)?
5
Let z(x) = x**3 + 4*x**2 - x + 4. Let s be 2/(-9) + (-102)/27. What is the units digit of z(s)?
8
Let j(q) = 63*q**2 - q. Let v be j(-1). Suppose -5*r = -r - v. What is the tens digit of r?
1
Let u = 42 - 26. What is the tens digit of u?
1
Suppose -3*o = -2*o - 6. Let w(f) = f - 3*f + 5*f - f**3 - 2*f - 3 + 6*f**2. What is the units digit of w(o)?
3
Let o be (-2 + 1)/(3/(-9)). Suppose -5*t + 5*m - 60 = 0, -4*m + 5*m = o*t + 40. Let f = -5 - t. What is the units digit of f?
9
Let i(w) be the second derivative of -5*w**3/6 - 3*w. What is the units digit of i(-2)?
0
Let i(s) = -s**3 + 3*s**2 + 7*s - 5. Let z be i(4). Suppose 0 = 4*r + g + 2 + 4, -5*r + g = 3. Let o = z + r. What is the units digit of o?
6
Let d be 26 + (1 - -8)/3. Suppose 4*b - d + 1 = 0. Let l(a) = -a**2 + 9*a + 2. What is the units digit of l(b)?
6
Suppose 12*x = 14*x - 108. What is the tens digit of x?
5
What is the tens digit of ((-3)/(-9))/(0 + 2/852)?
4
Suppose q = 4*q - 24. What is the units digit of q?
8
Let o(g) = -2*g**2 + 8*g - 6. Let i be o(5). What is the units digit of i/(-24) + 218/6?
7
Let l be (-2 + -3)/(-2 + 1). Suppose -8 = 2*u - 2*d - 20, d = -l*u + 18. What is the units digit of u?
4
Let y be 6/9*-3 - -13. Let b = y - 0. Suppose -10 = -3*q + b. What is the units digit of q?
7
Let u(h) = 3*h**3 - 4*h**2 + 3*h. Suppose -2*y = -4*o + 16, -14 = o - 4*o + 2*y. What is the units digit of u(o)?
4
Let j(d) = 2*d**3 - 4*d**2 + 2*d + 1. Let o be 1 + 2 + 1 + -2. Let x be j(o). Suppose -4*n - 8 = 3*s - 3, 0 = -x*n - 10. What is the units digit of s?
1
Suppose -2*i + 30 = -w, -2*w - 8 = -2*i + 42. Let q = 37 + w. What is the tens digit of q?
1
